se -n - 7 = -2*d + 14, 0 = -3*d - 4*n + 4. Suppose -2*p - d = 24. Let t = -5 - p. What is the tens digit of t?
1
Suppose 0 = f - 38 - 6. What is the units digit of (-2)/(f/(-21) + 2)?
1
Suppose -2*x - 308 = -4*x. What is the units digit of x?
4
Suppose 4*l - 7 = 29. What is the units digit of l?
9
Suppose -4 = -3*t + 5. Suppose t = 5*y - 2. Suppose -5*o = -2*k - 28, 3 = o - 2*k - y. What is the units digit of o?
6
Suppose 2*v - 48 = 5*l + 190, -4*l = 0. What is the hundreds digit of v?
1
Suppose 828 = 11*u - 547. What is the units digit of u?
5
Suppose 5*b + 95 = -0. Let n = b + 3. Let h = 27 + n. What is the units digit of h?
1
Let x(z) = -2*z. Suppose u = -5*v - u + 24, -4*v = -4*u - 8. Let q be -2 + (v - 2 - 2). What is the units digit of x(q)?
4
Let q(y) = 3*y + 6. Let s be q(8). Suppose -10 = 2*a - s. What is the units digit of a?
0
Let h = -10 - -7. Suppose 3*t + 12 + 1 = -4*k, t + k = -3. What is the units digit of t/(h/(-33)*1)?
1
Let f = -71 - -95. What is the units digit of f?
4
Let a be 4/((-2)/1) + 4. Suppose -a*d + 23 - 9 = 0. What is the units digit of d?
7
Suppose 0 = -2*i + 28 + 8. Suppose 4*u - 4 = 0, -5*u - i - 28 = -3*l. What is the tens digit of l?
1
Let n(q) = q**2 - 5*q - 13. Let d be n(10). Suppose 0 = h - 0*h - d. What is the units digit of h?
7
Let l(f) = -f + 25. What is the units digit of l(11)?
4
Let m(c) = 0*c**2 + 24*c - 3 + 3*c**2 - 20*c. What is the tens digit of m(2)?
1
Let h(r) = -r - 2. Suppose -2*i - 12 = 2*j - 4, -5*j - 40 = i. What is the units digit of h(j)?
7
Let m = -4 - -6. Suppose -m*d - 15 = 3*d. Let f = 2 - d. What is the units digit of f?
5
Let s(a) = a**3 - 6*a**2 + 3*a - 6. Let r be s(6). Let l = -10 + r. Suppose l*y + 3*d = 3, -2*d + 10 + 2 = 3*y. What is the units digit of y?
6
Suppose 0 = -7*i + 4*i. Suppose i = 4*r - 3*z - 51, -5 = -r + 2*z + 9. What is the tens digit of r?
1
Let f = 26 + 22. What is the units digit of f?
8
Suppose 30 = 3*v - 36. What is the units digit of v?
2
Let x be (-2)/(-8) - (-351)/4. Suppose -x = -3*r + r. What is the tens digit of r?
4
Suppose -173 + 501 = 4*w. What is the units digit of w?
2
Let k be 40/(-3)*(-90)/24. Suppose 0 = 4*j - 5*p - 36, -5*j = -p - k - 16. What is the tens digit of j?
1
Let u(s) = -2*s + 1. Let r be u(-3). Suppose 3 = 5*o - r. What is the units digit of o?
2
Let b(d) = 47*d - 15. What is the tens digit of b(2)?
7
Let h be (65/15)/(1/3). Suppose 3*f + 2*l - 38 = -h, -3*l - 10 = -5*f. What is the units digit of f?
5
Let a(m) = 4*m**2 + 4*m - 6. Let c be a(-6). Suppose -5*i - 29 = -c. What is the tens digit of i?
1
Let h = 3 - 0. Suppose -u + 2*n + h*n + 24 = 0, 3*n + 36 = 3*u. What is the units digit of u?
9
Suppose 2*g - 147 = -5*g. What is the tens digit of g?
2
Suppose -27 = r - 2*m + 5*m, -5*m + 75 = -5*r. Let k be (-2)/8 - r/8. Suppose 10 - k = 4*z. What is the units digit of z?
2
Let y(f) = f + 4. Let t be y(4). Let n = -4 + t. What is the units digit of n?
4
Let s be (-3)/4 + (-604)/(-16). Let c = -25 + s. What is the tens digit of c?
1
Suppose 2*z - 262 = 4*q, 3*q = z - 91 - 43. What is the tens digit of z?
2
Let p(x) = -2*x. Let z be p(-1). Suppose 0 = -2*h - z*h + 8. Suppose h*r = 4*r + 3*a - 17, -3*r = -5*a - 54. What is the tens digit of r?
1
Let j = -163 - -312. What is the tens digit of j?
4
Let q(r) = -r**2 - 11*r - 26. What is the units digit of q(-5)?
4
Suppose 0 = 6*u - 2*u - 20. Suppose -10 = -0*y - u*y. Suppose -16 = -0*c - y*c. What is the units digit of c?
8
Let b be -4 + 4/8*-4. What is the tens digit of (-166)/(-6) + (-2)/b?
2
Suppose -w = 2*w - 114. What is the units digit of w?
8
Let g = -61 + 117. What is the tens digit of g?
5
Suppose -3*f + 3 = -15. Suppose z + 55 = f*z + 3*o, 3*o + 1 = -z. What is the units digit of z?
4
Let i be 4/(-10) + (-24)/(-10). Suppose -i*b + 5 = 7. What is the tens digit of 18 + b - (3 + -1)?
1
Suppose 0 = 5*c + 2*a - 115, 3*c - 5*c + 3*a = -65. What is the tens digit of c?
2
Let z(n) = -n**3 - 6*n**2 + 13*n - 6. What is the tens digit of z(-8)?
1
Suppose -3*p = -8 - 43. Suppose -65 = -4*j - p. What is the units digit of j?
2
Let s(z) = 2*z**2 + 2*z. Let f(q) = 2*q**2 - 3*q - 2. Let v be f(-1). What is the tens digit of s(v)?
2
Suppose -4*a + 33 = 5*x, -2*a - 5*x + 29 = -0*a. Let t(h) = 3*h**2 - 4*h + 2. Let g be t(3). Suppose -3*i + g = a. What is the units digit of i?
5
What is the units digit of 0 + 73 - 8/(-4)?
5
Let l = 0 - -4. Suppose l*o = -2 + 10. What is the units digit of (-5)/o*16/(-10)?
4
Suppose 3*z + 44 = k - 11, 4*k - 4*z = 180. What is the units digit of k?
0
Suppose 0 = -4*v - f - 18, -2*v + f = 2*v + 14. Let r be 8*(-2 - 2/v). What is the tens digit of (r/(-10))/(4/40)?
1
Let f = 0 - -2. Let r(l) = l - 2. Let j be r(f). Suppose -z + 3*t - 1 - 1 = j, -4*z - 2*t = -62. What is the units digit of z?
3
Suppose -5*k + 295 = -6*c + 4*c, 4*c - 142 = -2*k. What is the tens digit of k?
6
Let f = -2 - -5. Suppose -7 = -5*o + f. Suppose x - 1 = l, 2*x + 2 = -o*l + 4. What is the units digit of x?
1
Let d = 10 + -5. Let l be (d + -7)*(0 - -1). What is the units digit of (4 - (l + 3))*2?
6
Let o = 132 - 76. What is the units digit of o?
6
Let w = 163 - 108. What is the units digit of w?
5
Let a(n) = n**2. Let y(h) = -2*h**2 - h. Let g(d) = 5*a(d) - y(d). Let l = -4 + 5. What is the units digit of g(l)?
8
Suppose -53 = -4*k + 135. What is the units digit of k?
7
Suppose -5*o + 36 = -o. Suppose -o*d + 5*d = -44. What is the units digit of d?
1
Let t = 4 + -6. Let o be (-8)/(-5)*(7 + t). Suppose f = -f + o. What is the units digit of f?
4
Suppose 3*v - 22 = v. Suppose -2*m = -3*o - 3, -7*o - 9 = -5*o + m. What is the tens digit of (v/o)/((-2)/6)?
1
Let m(r) = -r + 7. Let k be m(6). Suppose x + 5*o = -k, -6 = 4*x + 4*o - 34. What is the units digit of x?
9
Let t(j) = j**2 - 11*j + 18. What is the units digit of t(13)?
4
Suppose -9*a + 616 = -5*a. What is the hundreds digit of a?
1
Let v(y) = y - 6. Let a be v(-9). Let j = a - -30. What is the tens digit of j?
1
Let r(f) = f**2 + 8*f - 15. What is the tens digit of r(-12)?
3
Suppose 2*f = 4*f - 40. Suppose 5*y = -5*t - 15, 5*t - 5 = 3*y + f. Suppose 0 = 3*i + 4*c - 3, 4*i - c - 17 = -t*c. What is the units digit of i?
5
Suppose -4*c - 7 - 13 = 0. Let o = c + 12. What is the units digit of o?
7
What is the hundreds digit of (-23)/((-1)/5*-4 + -1)?
1
Let h(v) = v**3 + 15*v**2 + 14*v + 1. Let u be h(-14). Let p be ((-8)/6)/((-6)/9). Suppose -5 = -p*o + u. What is the units digit of o?
3
Let d = -188 + 545. What is the hundreds digit of d?
3
Suppose -z + 5*u = -213, -1089 = -3*z - 2*z + u. What is the tens digit of z?
1
Suppose w - 2 = -w. Let i = 2 + w. Let u = i - 2. What is the units digit of u?
1
Let x be (7 + -7)*1/2. Let a = 1 - x. What is the units digit of a?
1
Suppose -2*f + 45 = -a - 126, -5*a = 4*f - 307. What is the tens digit of f?
8
Suppose 0 = 5*n + d - 1313, -2*d + 572 = 3*n - 213. Suppose k = 5*u - 243, -5*u - 2*k + n = 29. What is the tens digit of u?
4
Suppose 2*g + x = -0*x - 1, g - x = 1. Suppose -3*p + 8*p + 180 = g. What is the units digit of p/(-16) + 1/(-4)?
2
Suppose 0 = -w + 2*m - m + 61, 2 = -2*m. What is the tens digit of w?
6
Let f(d) = 2*d**2 + 1. Let n be f(1). What is the tens digit of ((-25)/3)/((-1)/n)?
2
Let q(j) = j. Let f(c) = -5*c - 4. Let l be f(-3). What is the tens digit of q(l)?
1
Let m(s) = 6*s**3 + 3*s + 2. Let r(x) = 6*x**3 + 4*x + 3. Let v(p) = -4*m(p) + 3*r(p). What is the units digit of v(-1)?
7
Suppose -3*g + 4*y - y + 108 = 0, 0 = -5*g + 4*y + 176. What is the units digit of g?
2
Suppose -3*f + 19 = -11. Suppose 0 = -z + f - 3. What is the units digit of z?
7
Let d be (-12)/2*(-1)/(-2). Let k(s) = 2*s**2 - 2*s - 4. What is the units digit of k(d)?
0
Suppose -5*w - 18 = -3*c, w - 2 = -2*w + 5*c. What is the units digit of ((-49)/(-21))/((-2)/w)?
7
Let g(d) = d + 3. What is the tens digit of g(10)?
1
Suppose 0 = -7*m + 4*m + 678. What is the hundreds digit of m?
2
Let f be 0/3 - -2 - 2. Let x = -42 + 56. Suppose 4*g - x - 10 = f. What is the units digit of g?
6
Let u be (-2)/(-8) - (-42)/24. Let s(b) = 2*b - 3. Let i be s(u). Suppose 4*o - 7 = i. What is the units digit of o?
2
Let n(x) = 2*x**2 - 6*x - 26. What is the tens digit of n(8)?
5
Suppose 0 = -2*u + 3 + 7. Suppose 9*x + 4 = u*x.